{"id":331,"date":"2022-02-21T15:41:39","date_gmt":"2022-02-21T15:41:39","guid":{"rendered":"https:\/\/drvokastela.hr\/?page_id=331"},"modified":"2022-02-24T20:40:44","modified_gmt":"2022-02-24T20:40:44","slug":"kolacici","status":"publish","type":"page","link":"https:\/\/drvokastela.hr\/?page_id=331","title":{"rendered":"Kola\u010di\u0107i"},"content":{"rendered":"\t\t<div data-elementor-type=\"wp-page\" data-elementor-id=\"331\" class=\"elementor elementor-331\" data-elementor-settings=\"[]\">\n\t\t\t\t\t\t\t<div class=\"elementor-section-wrap\">\n\t\t\t\t\t\t\t<section class=\"elementor-section elementor-top-section elementor-element elementor-element-c402d7f elementor-section-boxed elementor-section-height-default elementor-section-height-default\" data-id=\"c402d7f\" data-element_type=\"section\">\n\t\t\t\t\t\t<div class=\"elementor-container elementor-column-gap-default\">\n\t\t\t\t\t<div class=\"elementor-column elementor-col-100 elementor-top-column elementor-element elementor-element-22a4256\" data-id=\"22a4256\" data-element_type=\"column\">\n\t\t\t<div class=\"elementor-widget-wrap elementor-element-populated\">\n\t\t\t\t\t\t\t\t<div class=\"elementor-element elementor-element-9b365ef elementor-widget elementor-widget-text-editor\" data-id=\"9b365ef\" data-element_type=\"widget\" data-widget_type=\"text-editor.default\">\n\t\t\t\t<div class=\"elementor-widget-container\">\n\t\t\t<style>\/*! elementor - v3.5.5 - 03-02-2022 *\/\n.elementor-widget-text-editor.elementor-drop-cap-view-stacked .elementor-drop-cap{background-color:#818a91;color:#fff}.elementor-widget-text-editor.elementor-drop-cap-view-framed .elementor-drop-cap{color:#818a91;border:3px solid;background-color:transparent}.elementor-widget-text-editor:not(.elementor-drop-cap-view-default) .elementor-drop-cap{margin-top:8px}.elementor-widget-text-editor:not(.elementor-drop-cap-view-default) .elementor-drop-cap-letter{width:1em;height:1em}.elementor-widget-text-editor .elementor-drop-cap{float:left;text-align:center;line-height:1;font-size:50px}.elementor-widget-text-editor .elementor-drop-cap-letter{display:inline-block}<\/style>\t\t\t\t<div class=\"elementor-element elementor-element-ca99df3 elementor-widget elementor-widget-heading\" data-id=\"ca99df3\" data-element_type=\"widget\" data-widget_type=\"heading.default\"><div class=\"elementor-widget-container\"><h2 class=\"elementor-heading-title elementor-size-default\">\u00a0<\/h2><\/div><\/div><div class=\"elementor-element elementor-element-94548bd elementor-widget elementor-widget-text-editor\" data-id=\"94548bd\" data-element_type=\"widget\" data-widget_type=\"text-editor.default\"><div class=\"elementor-widget-container\"><p>Web stranica https:\/\/drvokastela.hr\/ koristi kola\u010di\u0107e (engl. cookies) za pru\u017eanje boljeg korisni\u010dkog iskustva. Postavke kola\u010di\u0107a mogu se kontrolirati i konfigurirati u va\u0161em web pregledniku. Vi\u0161e o kola\u010di\u0107ima mo\u017eete pro\u010ditati ovdje. Nastavkom pregleda web stranice https:\/\/drvokastela.hr\/ sla\u017eete se s kori\u0161tenjem kola\u010di\u0107a. Za nastavak pregleda i kori\u0161tenja web stranice https:\/\/drvokastela.hr\/ kliknite na gumb X.<\/p><\/div><\/div>\t\t\t\t\t\t<\/div>\n\t\t\t\t<\/div>\n\t\t\t\t\t<\/div>\n\t\t<\/div>\n\t\t\t\t\t\t\t<\/div>\n\t\t<\/section>\n\t\t\t\t\t\t<\/div>\n\t\t\t\t\t<\/div>\n\t\t","protected":false},"excerpt":{"rendered":"<p>\u00a0 Web stranica https:\/\/drvokastela.hr\/ koristi kola\u010di\u0107e (engl. cookies) za pru\u017eanje boljeg korisni\u010dkog iskustva. Postavke kola\u010di\u0107a mogu se kontrolirati i konfigurirati u va\u0161em web pregledniku. Vi\u0161e o kola\u010di\u0107ima mo\u017eete pro\u010ditati ovdje. Nastavkom pregleda web stranice https:\/\/drvokastela.hr\/ sla\u017eete se s kori\u0161tenjem kola\u010di\u0107a. Za nastavak pregleda i kori\u0161tenja web stranice https:\/\/drvokastela.hr\/ kliknite na gumb X.<\/p>\n","protected":false},"author":2,"featured_media":0,"parent":0,"menu_order":0,"comment_status":"closed","ping_status":"closed","template":"","meta":{"footnotes":""},"class_list":["post-331","page","type-page","status-publish","hentry"],"yoast_head":"<!-- This site is optimized with the Yoast SEO plugin v18.2 - https:\/\/yoast.com\/wordpress\/plugins\/seo\/ -->\n<title>Kola\u010di\u0107i - Drvo Ka\u0161tela j.d.o.o.<\/title>\n<meta name=\"description\" content=\"Tvrtka DRVO KA\u0160TELA j.d.o.o.je poduze\u0107e s djelatnostima kupovina, prodaja, monta\u017ea , obrada drveta, namje\u0161taja poslovne i prodajne prostore.\" \/>\n<meta name=\"robots\" content=\"index, follow, max-snippet:-1, max-image-preview:large, max-video-preview:-1\" \/>\n<link rel=\"canonical\" href=\"https:\/\/drvokastela.hr\/?page_id=331\" \/>\n<meta property=\"og:locale\" content=\"en_US\" \/>\n<meta property=\"og:type\" content=\"article\" \/>\n<meta property=\"og:title\" content=\"Kola\u010di\u0107i - Drvo Ka\u0161tela j.d.o.o.\" \/>\n<meta property=\"og:description\" content=\"Tvrtka DRVO KA\u0160TELA j.d.o.o.je poduze\u0107e s djelatnostima kupovina, prodaja, monta\u017ea , obrada drveta, namje\u0161taja poslovne i prodajne prostore.\" \/>\n<meta property=\"og:url\" content=\"https:\/\/drvokastela.hr\/?page_id=331\" \/>\n<meta property=\"og:site_name\" content=\"Drvo Ka\u0161tela j.d.o.o.\" \/>\n<meta property=\"article:modified_time\" content=\"2022-02-24T20:40:44+00:00\" \/>\n<meta name=\"twitter:card\" content=\"summary_large_image\" \/>\n<script type=\"application\/ld+json\" class=\"yoast-schema-graph\">{\"@context\":\"https:\/\/schema.org\",\"@graph\":[{\"@type\":\"WebSite\",\"@id\":\"https:\/\/drvokastela.hr\/#website\",\"url\":\"https:\/\/drvokastela.hr\/\",\"name\":\"Drvo Ka\u0161tela j.d.o.o.\",\"description\":\"drvene terase i zidne obloge\",\"potentialAction\":[{\"@type\":\"SearchAction\",\"target\":{\"@type\":\"EntryPoint\",\"urlTemplate\":\"https:\/\/drvokastela.hr\/?s={search_term_string}\"},\"query-input\":\"required name=search_term_string\"}],\"inLanguage\":\"en-US\"},{\"@type\":\"WebPage\",\"@id\":\"https:\/\/drvokastela.hr\/?page_id=331#webpage\",\"url\":\"https:\/\/drvokastela.hr\/?page_id=331\",\"name\":\"Kola\u010di\u0107i - Drvo Ka\u0161tela j.d.o.o.\",\"isPartOf\":{\"@id\":\"https:\/\/drvokastela.hr\/#website\"},\"datePublished\":\"2022-02-21T15:41:39+00:00\",\"dateModified\":\"2022-02-24T20:40:44+00:00\",\"description\":\"Tvrtka DRVO KA\u0160TELA j.d.o.o.je poduze\u0107e s djelatnostima kupovina, prodaja, monta\u017ea , obrada drveta, namje\u0161taja poslovne i prodajne prostore.\",\"breadcrumb\":{\"@id\":\"https:\/\/drvokastela.hr\/?page_id=331#breadcrumb\"},\"inLanguage\":\"en-US\",\"potentialAction\":[{\"@type\":\"ReadAction\",\"target\":[\"https:\/\/drvokastela.hr\/?page_id=331\"]}]},{\"@type\":\"BreadcrumbList\",\"@id\":\"https:\/\/drvokastela.hr\/?page_id=331#breadcrumb\",\"itemListElement\":[{\"@type\":\"ListItem\",\"position\":1,\"name\":\"Home\",\"item\":\"https:\/\/drvokastela.hr\/\"},{\"@type\":\"ListItem\",\"position\":2,\"name\":\"Kola\u010di\u0107i\"}]}]}<\/script>\n<!-- \/ Yoast SEO plugin. -->","yoast_head_json":{"title":"Kola\u010di\u0107i - Drvo Ka\u0161tela j.d.o.o.","description":"Tvrtka DRVO KA\u0160TELA j.d.o.o.je poduze\u0107e s djelatnostima kupovina, prodaja, monta\u017ea , obrada drveta, namje\u0161taja poslovne i prodajne prostore.","robots":{"index":"index","follow":"follow","max-snippet":"max-snippet:-1","max-image-preview":"max-image-preview:large","max-video-preview":"max-video-preview:-1"},"canonical":"https:\/\/drvokastela.hr\/?page_id=331","og_locale":"en_US","og_type":"article","og_title":"Kola\u010di\u0107i - Drvo Ka\u0161tela j.d.o.o.","og_description":"Tvrtka DRVO KA\u0160TELA j.d.o.o.je poduze\u0107e s djelatnostima kupovina, prodaja, monta\u017ea , obrada drveta, namje\u0161taja poslovne i prodajne prostore.","og_url":"https:\/\/drvokastela.hr\/?page_id=331","og_site_name":"Drvo Ka\u0161tela j.d.o.o.","article_modified_time":"2022-02-24T20:40:44+00:00","twitter_card":"summary_large_image","schema":{"@context":"https:\/\/schema.org","@graph":[{"@type":"WebSite","@id":"https:\/\/drvokastela.hr\/#website","url":"https:\/\/drvokastela.hr\/","name":"Drvo Ka\u0161tela j.d.o.o.","description":"drvene terase i zidne obloge","potentialAction":[{"@type":"SearchAction","target":{"@type":"EntryPoint","urlTemplate":"https:\/\/drvokastela.hr\/?s={search_term_string}"},"query-input":"required name=search_term_string"}],"inLanguage":"en-US"},{"@type":"WebPage","@id":"https:\/\/drvokastela.hr\/?page_id=331#webpage","url":"https:\/\/drvokastela.hr\/?page_id=331","name":"Kola\u010di\u0107i - Drvo Ka\u0161tela j.d.o.o.","isPartOf":{"@id":"https:\/\/drvokastela.hr\/#website"},"datePublished":"2022-02-21T15:41:39+00:00","dateModified":"2022-02-24T20:40:44+00:00","description":"Tvrtka DRVO KA\u0160TELA j.d.o.o.je poduze\u0107e s djelatnostima kupovina, prodaja, monta\u017ea , obrada drveta, namje\u0161taja poslovne i prodajne prostore.","breadcrumb":{"@id":"https:\/\/drvokastela.hr\/?page_id=331#breadcrumb"},"inLanguage":"en-US","potentialAction":[{"@type":"ReadAction","target":["https:\/\/drvokastela.hr\/?page_id=331"]}]},{"@type":"BreadcrumbList","@id":"https:\/\/drvokastela.hr\/?page_id=331#breadcrumb","itemListElement":[{"@type":"ListItem","position":1,"name":"Home","item":"https:\/\/drvokastela.hr\/"},{"@type":"ListItem","position":2,"name":"Kola\u010di\u0107i"}]}]}},"_links":{"self":[{"href":"https:\/\/drvokastela.hr\/index.php?rest_route=\/wp\/v2\/pages\/331","targetHints":{"allow":["GET"]}}],"collection":[{"href":"https:\/\/drvokastela.hr\/index.php?rest_route=\/wp\/v2\/pages"}],"about":[{"href":"https:\/\/drvokastela.hr\/index.php?rest_route=\/wp\/v2\/types\/page"}],"author":[{"embeddable":true,"href":"https:\/\/drvokastela.hr\/index.php?rest_route=\/wp\/v2\/users\/2"}],"replies":[{"embeddable":true,"href":"https:\/\/drvokastela.hr\/index.php?rest_route=%2Fwp%2Fv2%2Fcomments&post=331"}],"version-history":[{"count":11,"href":"https:\/\/drvokastela.hr\/index.php?rest_route=\/wp\/v2\/pages\/331\/revisions"}],"predecessor-version":[{"id":564,"href":"https:\/\/drvokastela.hr\/index.php?rest_route=\/wp\/v2\/pages\/331\/revisions\/564"}],"wp:attachment":[{"href":"https:\/\/drvokastela.hr\/index.php?rest_route=%2Fwp%2Fv2%2Fmedia&parent=331"}],"curies":[{"name":"wp","href":"https:\/\/api.w.org\/{rel}","templated":true}]}}