{"id":468,"date":"2022-02-21T21:53:11","date_gmt":"2022-02-21T21:53:11","guid":{"rendered":"https:\/\/drvokastela.hr\/?page_id=468"},"modified":"2022-02-24T20:42:36","modified_gmt":"2022-02-24T20:42:36","slug":"uvjeti-koristenja","status":"publish","type":"page","link":"https:\/\/drvokastela.hr\/?page_id=468","title":{"rendered":"Uvjeti kori\u0161tenja"},"content":{"rendered":"\t\t<div data-elementor-type=\"wp-page\" data-elementor-id=\"468\" class=\"elementor elementor-468\" data-elementor-settings=\"[]\">\n\t\t\t\t\t\t\t<div class=\"elementor-section-wrap\">\n\t\t\t\t\t\t\t<section class=\"elementor-section elementor-top-section elementor-element elementor-element-3ef0b0b elementor-section-boxed elementor-section-height-default elementor-section-height-default\" data-id=\"3ef0b0b\" data-element_type=\"section\">\n\t\t\t\t\t\t<div class=\"elementor-container elementor-column-gap-default\">\n\t\t\t\t\t<div class=\"elementor-column elementor-col-100 elementor-top-column elementor-element elementor-element-e085089\" data-id=\"e085089\" data-element_type=\"column\">\n\t\t\t<div class=\"elementor-widget-wrap elementor-element-populated\">\n\t\t\t\t\t\t\t\t<div class=\"elementor-element elementor-element-48ee272 elementor-widget elementor-widget-text-editor\" data-id=\"48ee272\" data-element_type=\"widget\" data-widget_type=\"text-editor.default\">\n\t\t\t\t<div class=\"elementor-widget-container\">\n\t\t\t<style>\/*! elementor - v3.5.5 - 03-02-2022 *\/\n.elementor-widget-text-editor.elementor-drop-cap-view-stacked .elementor-drop-cap{background-color:#818a91;color:#fff}.elementor-widget-text-editor.elementor-drop-cap-view-framed .elementor-drop-cap{color:#818a91;border:3px solid;background-color:transparent}.elementor-widget-text-editor:not(.elementor-drop-cap-view-default) .elementor-drop-cap{margin-top:8px}.elementor-widget-text-editor:not(.elementor-drop-cap-view-default) .elementor-drop-cap-letter{width:1em;height:1em}.elementor-widget-text-editor .elementor-drop-cap{float:left;text-align:center;line-height:1;font-size:50px}.elementor-widget-text-editor .elementor-drop-cap-letter{display:inline-block}<\/style>\t\t\t\t<div data-id=\"05f19d9\" data-element_type=\"widget\" data-widget_type=\"heading.default\"><h2>\u00a0<\/h2><\/div><div data-id=\"80ba174\" data-element_type=\"widget\" data-widget_type=\"text-editor.default\"><p>Tvrtka DRVO KA\u0160TELA j.d.o.o., vl. Marija Melvan (u daljnjem tekstu DRVO KA\u0160TELA) pokrenula je i ure\u0111uje web stranicu https:\/\/drvokastela.hr\/ tvrtke DRVO KA\u0160TELA j.d.o.o..<\/p><p>Op\u0107e odredbe<\/p><ol><li>Smatrat \u0107emo da ste u cijelosti upoznati s ovim uvjetima, da su vam jasni i da ih prihva\u0107ate s prvim va\u0161im kori\u0161tenjem web stranice https:\/\/drvokastela.hr\/. Ako niste suglasni s ovim uvjetima kori\u0161tenja molimo vas da ne pristupate web stranici https:\/\/drvokastela.hr\/ i ne koristite njene sadr\u017eaje niti dru\u0161tvene mre\u017ee. Ako imate bilo kakva pitanja ili nejasno\u0107e vezano za ove uvjete kori\u0161tenja, molimo da se obratite na\u0161em Upravnom odboru na kontakt naveden u Impressumu.<\/li><\/ol><ol start=\"2\"><li>Izgled i sadr\u017eaj web stranice https:\/\/drvokastela.hr\/ kao i uvjete kori\u0161tenja mo\u017eemo iz odre\u0111enih razloga izmijeniti, stoga vas molimo da ih povremeno iznova prou\u010dite, kako biste se upoznali s mogu\u0107im promjenama. Smatrat \u0107emo da va\u0161e naknadno kori\u0161tenje web stranice https:\/\/drvokastela.hr\/ predstavlja va\u0161 pristanak na sve eventualne izmjene uvjeta kori\u0161tenja.<\/li><\/ol><ol start=\"3\"><li>DRVO KA\u0160TELA j.d.o.o. ima sva prava na sadr\u017eaj, tekstove, fotografije portala https:\/\/drvokastela.hr\/. Ne dopu\u0161tamo kori\u0161tenje bilo kojeg sadr\u017eaja, tekstova niti fotografija s web portala https:\/\/drvokastela.hr\/ i s dru\u0161tvenih mre\u017ea DRVO KA\u0160TELA j.d.o.o. bez na\u0161eg prethodnog pisanog dopu\u0161tenja.<\/li><\/ol><ol start=\"4\"><li>Ne dopu\u0161tamo kori\u0161tenje sadr\u017eaja, tekstova i fotografija s portala https:\/\/drvokastela.hr\/ u komercijalne svrhe., bez prethodne pisane suglasnosti DRVO KA\u0160TELA j.d.o.o. . Kori\u0161tenjem u komercijalne svrhe smatra se ostvarivanje nov\u010dane dobiti neposredno (prodajom, nu\u0111enjem i\/ili reklamiranjem sadr\u017eaja koji sadr\u017ee materijale objavljene na web stranici https:\/\/drvokastela.hr\/ i na dru\u0161tvenim mre\u017eama DRVO KA\u0160TELA j.d.o.o. ) i posredno (kori\u0161tenjem sadr\u017eaja na internetu na platformi gdje se objavljuju naplatni oglasi i sli\u010dno, gdje se prikupljaju donacije, pretplata ili naplata sadr\u017eaja i sli\u010dno).<\/li><\/ol><ol start=\"5\"><li>Ne dopu\u0161tamo bilo kakvo ometanje ili onemogu\u0107avanje kori\u0161tenja web stranice https:\/\/drvokastela.hr\/ drugim korisnicima.<\/li><\/ol><ol start=\"6\"><li>Na web portalu https:\/\/drvokastela.hr\/ i na dru\u0161tvenim mre\u017eama DRVO KA\u0160TELA j.d.o.o. ne dopu\u0161tamo svjesno objavljivanje, slanje, u\u010ditavanje i\/ili razmjenu sadr\u017eaja koji sadr\u017ee ra\u010dunalne viruse, crve, ra\u010dunalne kodove, datoteke i programe koji mogu imati za posljedicu ometanje, ograni\u010davanje rada ili uni\u0161tenje bilo kojeg ra\u010dunalnog programa ili bilo koje ra\u010dunalne i druge opreme.<\/li><\/ol><ol start=\"7\"><li>Ne dopu\u0161tamo neovla\u0161teno prikupljanje, spremanje, preno\u0161enje i kori\u0161tenje bilo kakvih osobnih podataka korisnika web stranice https:\/\/drvokastela.hr\/.<\/li><\/ol><ol start=\"8\"><li>U slu\u010daju nepo\u0161tivanja odredbi o sadr\u017eajima i aktivnostima iz uvjeta kori\u0161tenja, svi korisnici i tre\u0107e osobe snosit \u0107e odgovaraju\u0107e zakonske posljedice te \u0107e odgovarati za bilo koju \u0161tetu koja se nedopu\u0161tenim aktivnostima prouzro\u010di nama, ostalim korisnicima ili tre\u0107im osobama.<\/li><\/ol><p>Pravo intelektualnog vlasni\u0161tva<\/p><p>Na web stranici https:\/\/drvokastela.hr\/ i na dru\u0161tvenim mre\u017eama DRVO KA\u0160TELA j.d.o.o. pojavljuju se materijali \u010diji je sadr\u017eaj za\u0161ti\u0107en autorskim pravom (npr. tekstovi, fotografije, crte\u017ei) i drugim pravima intelektualnog vlasni\u0161tva (logotipi, za\u0161titni znakovi i sl.). Svaki korisnik web stranice https:\/\/drvokastela.hr\/ snosi vlastitu odgovornost za po\u0161tivanje tu\u0111eg autorskog prava i drugih prava intelektualnog vlasni\u0161tva koja se odnose na sadr\u017eaje dostupne na web stranici https:\/\/drvokastela.hr\/ i na dru\u0161tvenim mre\u017eama DRVO KA\u0160TELA j.d.o.o. . Molimo Vas stoga da se dobro upoznate sa sadr\u017eajem ovog dijela uvjeta kori\u0161tenja kako biste u cijelosti po\u0161tivali tu\u0111a prava intelektualnog vlasni\u0161tva. U slu\u010daju bilo kakvih nejasno\u0107a ili nesporazuma, obratite se Upravnom odboru putem kontakta navedenog u Impressumu. Sadr\u017eaje za\u0161ti\u0107ene intelektualnim vlasni\u0161tvom kao korisnici mo\u017eete koristiti samo za osobnu, nekomercijalnu svrhu. Tvrtka DRVO KA\u0160TELA j.d.o.o. je nositelj svih prava intelektualnog vlasni\u0161tva na https:\/\/drvokastela.hr\/ i na dru\u0161tvenim mre\u017eama DRVO KA\u0160TELA j.d.o.o. osim ako nije druga\u010dije navedeno.<\/p><ol><li>Ne dopu\u0161tamo kori\u0161tenje sadr\u017eaja koji se nalaze na web stranici https:\/\/drvokastela.hr\/ i na dru\u0161tvenim mre\u017eama DRVO KA\u0160TELA j.d.o.o. u komercijalne svrhe, \u0161to uklju\u010duje preuzimanje, reproduciranje, iznajmljivanje, distribuiranje, objavljivanje u javnosti, javno izlaganje i prikazivanje bez prethodnog pisanog odobrenja DRVO KA\u0160TELA j.d.o.o. .<\/li><\/ol><ol start=\"2\"><li>Ne dopu\u0161tamo da se sadr\u017eaji koji se nalaze na web stranici https:\/\/drvokastela.hr\/ i dru\u0161tvenim mre\u017eama DRVO KA\u0160TELA j.d.o.o. koriste u svrhe promocije, odnosno ogla\u0161avanja bilo kojeg proizvoda ili usluge bez prethodnog pisanog odobrenja DRVO KA\u0160TELA j.d.o.o. .<\/li><\/ol><ol start=\"3\"><li>Ne dopu\u0161tamo da se sadr\u017eaji koji se nalaze na web stranici https:\/\/drvokastela.hr\/ i na dru\u0161tvenim mre\u017eama DRVO KA\u0160TELA j.d.o.o. koriste u svrhe prodaje bilo kojeg proizvoda ili usluge bez prethodnog pisanog odobrenja DRVO KA\u0160TELA j.d.o.o. .<\/li><li>Ne dopu\u0161tamo izmjenu, prevo\u0111enje, adaptaciju ili bilo koju drugu preradu sadr\u017eaja bez prethodnog pisanog odobrenja DRVO KA\u0160TELA j.d.o.o. .<\/li><\/ol><ol start=\"5\"><li>Obvezujemo se bez odga\u0111anja ispitati svaku prijavu koja je vezana za povredu iz ovog odjeljka, a osobito ako je njome zatra\u017eeno uklanjanje odre\u0111enog sadr\u017eaja sa web stranice https:\/\/drvokastela.hr\/ i sa dru\u0161tvenih mre\u017ea DRVO KA\u0160TELA j.d.o.o. . Od korisnika u tom slu\u010daju o\u010dekujemo maksimalnu suradnju pri utvr\u0111ivanju \u010dinjenica. Ako utvrdimo da je prijavljeni postupak suprotan odredbama uvjeta kori\u0161tenja, ali i u drugim slu\u010dajevima u kojima to smatramo svrsi shodnim, takav \u0107emo sadr\u017eaj ukloniti s web stranice https:\/\/drvokastela.hr\/ i s dru\u0161tvenih mre\u017ea DRVO KA\u0160TELA j.d.o.o. .<\/li><\/ol><ol start=\"6\"><li>Kori\u0161tenjem web stranice https:\/\/drvokastela.hr\/ svjesni ste da su na njoj nazivi, slike, fotografije, logotipi, grafi\u010dki prikazi i drugi sadr\u017eaji koji su za\u0161ti\u0107eni razli\u010ditim pravima intelektualnog vlasni\u0161tva \u010diji su nositelj DRVO KA\u0160TELA j.d.o.o. ili tre\u0107e osobe. Bez obzira na va\u0161e kori\u0161tenje web stranice https:\/\/drvokastela.hr\/ time ne stje\u010dete pravo kori\u0161tenja bilo kojeg autorskog djela, \u017eiga, dizajna, patenta (licence) ili drugog prava \u010diji su nositelji DRVO KA\u0160TELA j.d.o.o. , odnosno tre\u0107a osoba. To vrijedi i za bilo koje autorsko djelo koje se nalazi na web stranici https:\/\/drvokastela.hr\/ i na dru\u0161tvenim mre\u017eama DRVO KA\u0160TELA j.d.o.o. , a koje je za\u0161ti\u0107eno autorskim pravom DRVO KA\u0160TELA j.d.o.o. ili tre\u0107e osobe, osim u slu\u010daju da je na pojedinom autorskom djelu izri\u010dito navedeno ne\u0161to drugo.<\/li><\/ol><ol start=\"7\"><li>Ne dovode\u0107i u pitanje gornje odredbe, DRVO KA\u0160TELA j.d.o.o. u sklopu svoje ure\u0111iva\u010dke politike mo\u017ee dopustiti korisnicima druge oblike kori\u0161tenja autorskih djela, kao \u0161to su tekstovi, fotografije ili video, na kojima je DRVO KA\u0160TELA j.d.o.o. nositelj autorskog prava. Na taj na\u010din korisnicima se primjerice mo\u017ee dati pravo prerade pojedinih djela odnosno pravo njihove daljnje distribucije, a \u0161to bi ina\u010de bilo zabranjeno u sklopu Op\u0107ih pravila iz prvog dijela Uvjeta kori\u0161tenja. Takva mogu\u0107nost kori\u0161tenja bit \u0107e izri\u010dito nagla\u0161ena i ni na koji se na\u010din ne\u0107e pretpostaviti.<\/li><\/ol><p>Ograni\u010denje odgovornosti za \u0161tetu<\/p><ol><li>Sadr\u017eaji koje korisnici u\u010ditaju na web stranici https:\/\/drvokastela.hr\/ i na dru\u0161tvenim mre\u017eama DRVO KA\u0160TELA j.d.o.o. u bilo kojem obliku uzimaju se isklju\u010divo \u201ctakvima kakvi jesu\u201d, odnosno \u201ckako su dostupni\u201d, te se ne smatramo odgovornima za mogu\u0107e posljedice, uklju\u010duju\u0107i bilo kakvu \u0161tetu koja mo\u017ee biti uzrokovana ostalim korisnicima ili tre\u0107im osobama, a koja mo\u017ee proiza\u0107i iz razli\u010ditih tuma\u010denja sadr\u017eaja koji se nalaze na web stranici https:\/\/drvokastela.hr\/ i dru\u0161tvenim mre\u017eama DRVO KA\u0160TELA j.d.o.o. .<\/li><\/ol><ol start=\"2\"><li>Usprkos ulo\u017eenim razumnim naporima, ne jam\u010dimo da \u0107e web stranica https:\/\/drvokastela.hr\/, odnosno svi njezini sadr\u017eaji DRVO KA\u0160TELA j.d.o.o. uvijek biti dostupni i raspolo\u017eivi, te da ne\u0107e sadr\u017eavati pogre\u0161ke i ra\u010dunalne programe koji bi mogli prouzro\u010diti \u0161tetu ostalim korisnicima ili tre\u0107im osobama (npr. virusi, crvi i sl.).<\/li><\/ol><ol start=\"3\"><li>Do najve\u0107e mjere dopu\u0161tene va\u017ee\u0107im pravnim propisima isklju\u010dujemo odgovornost:<\/li><\/ol><p>\u2013 za bilo kakvu \u0161tetu nastalu korisnicima ili tre\u0107im osobama uslijed objavljivanja na dru\u0161tvenim mre\u017eama sadr\u017eaja suprotnih uvjetima kori\u0161tenja od strane korisnika, tre\u0107ih osoba, sponzora, ogla\u0161iva\u010da, itd.;<\/p><p>\u2013 za bilo kakvu \u0161tetu koju korisnici ili tre\u0107e osobe prouzro\u010de ili pretrpe u svezi s kori\u0161tenjem web stranice https:\/\/drvokastela.hr\/, osobito u slu\u010daju zlouporabe, uni\u0161tenja ili o\u0161te\u0107enja sadr\u017eaja ili funkcije i sl.;<\/p><p>\u2013 za \u0161tetu uzrokovanu drugim korisnicima ili tre\u0107im osobama zbog povrede njihovog autorskog prava ili drugih prava intelektualnog vlasni\u0161tva, zbog objave ili u\u010ditavanja sadr\u017eaja od strane drugih korisnika na web stranici https:\/\/drvokastela.hr\/ i dru\u0161tvenim mre\u017eama DRVO KA\u0160TELA j.d.o.o. ;<\/p><p>\u2013 za \u0161tetu nastalu korisnicima i\/ili tre\u0107im osobama uslijed privremene nedostupnosti web stranice https:\/\/drvokastela.hr\/ , odnosno pojedinih sadr\u017eaja ili funkcija;<\/p><p>\u2013 za \u0161tetu koju ogla\u0161iva\u010di uzrokuju sadr\u017eajima reklama koje se objavljuju na dru\u0161tvenim mre\u017eama, putem svojih oglasnih stranica koje su dostupne korisnicima, a vezano za istinitost i to\u010dnost tih sadr\u017eaja, dostupnost reklamiranih proizvoda i usluga korisnicima;<\/p><p>\u2013 za bilo kakvu \u0161tetu prouzro\u010denu korisnicima ili tre\u0107im osobama izmjenama ili ukidanjem pojedinih sadr\u017eaja, funkcija, usluga, dizajna, koncepcije web stranice https:\/\/drvokastela.hr\/;<\/p><p>\u2013 za bilo kakvu \u0161tetu uzrokovanu korisnicima ili tre\u0107im osobama, vezano za kori\u0161tenje internet stranica tre\u0107ih osoba, a kojima je omogu\u0107en pristup putem linkova objavljenih na web stranici https:\/\/drvokastela.hr\/ i na dru\u0161tvenim mre\u017eama DRVO KA\u0160TELA j.d.o.o.<\/p><\/div>\t\t\t\t\t\t<\/div>\n\t\t\t\t<\/div>\n\t\t\t\t\t<\/div>\n\t\t<\/div>\n\t\t\t\t\t\t\t<\/div>\n\t\t<\/section>\n\t\t\t\t\t\t<\/div>\n\t\t\t\t\t<\/div>\n\t\t","protected":false},"excerpt":{"rendered":"<p>\u00a0 Tvrtka DRVO KA\u0160TELA j.d.o.o., vl. Marija Melvan (u daljnjem tekstu DRVO KA\u0160TELA) pokrenula je i ure\u0111uje web stranicu https:\/\/drvokastela.hr\/ tvrtke DRVO KA\u0160TELA j.d.o.o.. Op\u0107e odredbe Smatrat \u0107emo da ste u cijelosti upoznati s ovim uvjetima, da su vam jasni i da ih prihva\u0107ate s prvim va\u0161im kori\u0161tenjem web stranice https:\/\/drvokastela.hr\/. Ako niste suglasni s [&hellip;]<\/p>\n","protected":false},"author":2,"featured_media":0,"parent":0,"menu_order":0,"comment_status":"closed","ping_status":"closed","template":"","meta":{"footnotes":""},"class_list":["post-468","page","type-page","status-publish","hentry"],"yoast_head":"<!-- This site is optimized with the Yoast SEO plugin v18.2 - https:\/\/yoast.com\/wordpress\/plugins\/seo\/ -->\n<title>Uvjeti kori\u0161tenja - Drvo Ka\u0161tela j.d.o.o.<\/title>\n<meta name=\"description\" content=\"Tvrtka DRVO KA\u0160TELA j.d.o.o.je poduze\u0107e s djelatnostima kupovina, prodaja, monta\u017ea , obrada drveta, namje\u0161taja poslovne i prodajne prostore.\" \/>\n<meta name=\"robots\" content=\"index, follow, max-snippet:-1, max-image-preview:large, max-video-preview:-1\" \/>\n<link rel=\"canonical\" href=\"https:\/\/drvokastela.hr\/?page_id=468\" \/>\n<meta property=\"og:locale\" content=\"en_US\" \/>\n<meta property=\"og:type\" content=\"article\" \/>\n<meta property=\"og:title\" content=\"Uvjeti kori\u0161tenja - Drvo Ka\u0161tela j.d.o.o.\" \/>\n<meta property=\"og:description\" content=\"Tvrtka DRVO KA\u0160TELA j.d.o.o.je poduze\u0107e s djelatnostima kupovina, prodaja, monta\u017ea , obrada drveta, namje\u0161taja poslovne i prodajne prostore.\" \/>\n<meta property=\"og:url\" content=\"https:\/\/drvokastela.hr\/?page_id=468\" \/>\n<meta property=\"og:site_name\" content=\"Drvo Ka\u0161tela j.d.o.o.\" \/>\n<meta property=\"article:modified_time\" content=\"2022-02-24T20:42:36+00:00\" \/>\n<meta name=\"twitter:card\" content=\"summary_large_image\" \/>\n<meta name=\"twitter:label1\" content=\"Est. reading time\" \/>\n\t<meta name=\"twitter:data1\" content=\"9 minutes\" \/>\n<script type=\"application\/ld+json\" class=\"yoast-schema-graph\">{\"@context\":\"https:\/\/schema.org\",\"@graph\":[{\"@type\":\"WebSite\",\"@id\":\"https:\/\/drvokastela.hr\/#website\",\"url\":\"https:\/\/drvokastela.hr\/\",\"name\":\"Drvo Ka\u0161tela j.d.o.o.\",\"description\":\"drvene terase i zidne obloge\",\"potentialAction\":[{\"@type\":\"SearchAction\",\"target\":{\"@type\":\"EntryPoint\",\"urlTemplate\":\"https:\/\/drvokastela.hr\/?s={search_term_string}\"},\"query-input\":\"required name=search_term_string\"}],\"inLanguage\":\"en-US\"},{\"@type\":\"WebPage\",\"@id\":\"https:\/\/drvokastela.hr\/?page_id=468#webpage\",\"url\":\"https:\/\/drvokastela.hr\/?page_id=468\",\"name\":\"Uvjeti kori\u0161tenja - Drvo Ka\u0161tela j.d.o.o.\",\"isPartOf\":{\"@id\":\"https:\/\/drvokastela.hr\/#website\"},\"datePublished\":\"2022-02-21T21:53:11+00:00\",\"dateModified\":\"2022-02-24T20:42:36+00:00\",\"description\":\"Tvrtka DRVO KA\u0160TELA j.d.o.o.je poduze\u0107e s djelatnostima kupovina, prodaja, monta\u017ea , obrada drveta, namje\u0161taja poslovne i prodajne prostore.\",\"breadcrumb\":{\"@id\":\"https:\/\/drvokastela.hr\/?page_id=468#breadcrumb\"},\"inLanguage\":\"en-US\",\"potentialAction\":[{\"@type\":\"ReadAction\",\"target\":[\"https:\/\/drvokastela.hr\/?page_id=468\"]}]},{\"@type\":\"BreadcrumbList\",\"@id\":\"https:\/\/drvokastela.hr\/?page_id=468#breadcrumb\",\"itemListElement\":[{\"@type\":\"ListItem\",\"position\":1,\"name\":\"Home\",\"item\":\"https:\/\/drvokastela.hr\/\"},{\"@type\":\"ListItem\",\"position\":2,\"name\":\"Uvjeti kori\u0161tenja\"}]}]}<\/script>\n<!-- \/ Yoast SEO plugin. -->","yoast_head_json":{"title":"Uvjeti kori\u0161tenja - Drvo Ka\u0161tela j.d.o.o.","description":"Tvrtka DRVO KA\u0160TELA j.d.o.o.je poduze\u0107e s djelatnostima kupovina, prodaja, monta\u017ea , obrada drveta, namje\u0161taja poslovne i prodajne prostore.","robots":{"index":"index","follow":"follow","max-snippet":"max-snippet:-1","max-image-preview":"max-image-preview:large","max-video-preview":"max-video-preview:-1"},"canonical":"https:\/\/drvokastela.hr\/?page_id=468","og_locale":"en_US","og_type":"article","og_title":"Uvjeti kori\u0161tenja - Drvo Ka\u0161tela j.d.o.o.","og_description":"Tvrtka DRVO KA\u0160TELA j.d.o.o.je poduze\u0107e s djelatnostima kupovina, prodaja, monta\u017ea , obrada drveta, namje\u0161taja poslovne i prodajne prostore.","og_url":"https:\/\/drvokastela.hr\/?page_id=468","og_site_name":"Drvo Ka\u0161tela j.d.o.o.","article_modified_time":"2022-02-24T20:42:36+00:00","twitter_card":"summary_large_image","twitter_misc":{"Est. reading time":"9 minutes"},"schema":{"@context":"https:\/\/schema.org","@graph":[{"@type":"WebSite","@id":"https:\/\/drvokastela.hr\/#website","url":"https:\/\/drvokastela.hr\/","name":"Drvo Ka\u0161tela j.d.o.o.","description":"drvene terase i zidne obloge","potentialAction":[{"@type":"SearchAction","target":{"@type":"EntryPoint","urlTemplate":"https:\/\/drvokastela.hr\/?s={search_term_string}"},"query-input":"required name=search_term_string"}],"inLanguage":"en-US"},{"@type":"WebPage","@id":"https:\/\/drvokastela.hr\/?page_id=468#webpage","url":"https:\/\/drvokastela.hr\/?page_id=468","name":"Uvjeti kori\u0161tenja - Drvo Ka\u0161tela j.d.o.o.","isPartOf":{"@id":"https:\/\/drvokastela.hr\/#website"},"datePublished":"2022-02-21T21:53:11+00:00","dateModified":"2022-02-24T20:42:36+00:00","description":"Tvrtka DRVO KA\u0160TELA j.d.o.o.je poduze\u0107e s djelatnostima kupovina, prodaja, monta\u017ea , obrada drveta, namje\u0161taja poslovne i prodajne prostore.","breadcrumb":{"@id":"https:\/\/drvokastela.hr\/?page_id=468#breadcrumb"},"inLanguage":"en-US","potentialAction":[{"@type":"ReadAction","target":["https:\/\/drvokastela.hr\/?page_id=468"]}]},{"@type":"BreadcrumbList","@id":"https:\/\/drvokastela.hr\/?page_id=468#breadcrumb","itemListElement":[{"@type":"ListItem","position":1,"name":"Home","item":"https:\/\/drvokastela.hr\/"},{"@type":"ListItem","position":2,"name":"Uvjeti kori\u0161tenja"}]}]}},"_links":{"self":[{"href":"https:\/\/drvokastela.hr\/index.php?rest_route=\/wp\/v2\/pages\/468","targetHints":{"allow":["GET"]}}],"collection":[{"href":"https:\/\/drvokastela.hr\/index.php?rest_route=\/wp\/v2\/pages"}],"about":[{"href":"https:\/\/drvokastela.hr\/index.php?rest_route=\/wp\/v2\/types\/page"}],"author":[{"embeddable":true,"href":"https:\/\/drvokastela.hr\/index.php?rest_route=\/wp\/v2\/users\/2"}],"replies":[{"embeddable":true,"href":"https:\/\/drvokastela.hr\/index.php?rest_route=%2Fwp%2Fv2%2Fcomments&post=468"}],"version-history":[{"count":10,"href":"https:\/\/drvokastela.hr\/index.php?rest_route=\/wp\/v2\/pages\/468\/revisions"}],"predecessor-version":[{"id":572,"href":"https:\/\/drvokastela.hr\/index.php?rest_route=\/wp\/v2\/pages\/468\/revisions\/572"}],"wp:attachment":[{"href":"https:\/\/drvokastela.hr\/index.php?rest_route=%2Fwp%2Fv2%2Fmedia&parent=468"}],"curies":[{"name":"wp","href":"https:\/\/api.w.org\/{rel}","templated":true}]}}