{"id":476,"date":"2022-02-22T14:34:11","date_gmt":"2022-02-22T14:34:11","guid":{"rendered":"https:\/\/drvokastela.hr\/?page_id=476"},"modified":"2022-02-24T20:41:28","modified_gmt":"2022-02-24T20:41:28","slug":"politika-privatnosti","status":"publish","type":"page","link":"https:\/\/drvokastela.hr\/?page_id=476","title":{"rendered":"Politika privatnosti"},"content":{"rendered":"\t\t<div data-elementor-type=\"wp-page\" data-elementor-id=\"476\" class=\"elementor elementor-476\" data-elementor-settings=\"[]\">\n\t\t\t\t\t\t\t<div class=\"elementor-section-wrap\">\n\t\t\t\t\t\t\t<section class=\"elementor-section elementor-top-section elementor-element elementor-element-1f4cc66 elementor-section-boxed elementor-section-height-default elementor-section-height-default\" data-id=\"1f4cc66\" data-element_type=\"section\">\n\t\t\t\t\t\t<div class=\"elementor-container elementor-column-gap-default\">\n\t\t\t\t\t<div class=\"elementor-column elementor-col-100 elementor-top-column elementor-element elementor-element-7c8173e\" data-id=\"7c8173e\" data-element_type=\"column\">\n\t\t\t<div class=\"elementor-widget-wrap elementor-element-populated\">\n\t\t\t\t\t\t\t\t<div class=\"elementor-element elementor-element-12c4a0e elementor-widget elementor-widget-text-editor\" data-id=\"12c4a0e\" data-element_type=\"widget\" data-widget_type=\"text-editor.default\">\n\t\t\t\t<div class=\"elementor-widget-container\">\n\t\t\t<style>\/*! elementor - v3.5.5 - 03-02-2022 *\/\n.elementor-widget-text-editor.elementor-drop-cap-view-stacked .elementor-drop-cap{background-color:#818a91;color:#fff}.elementor-widget-text-editor.elementor-drop-cap-view-framed .elementor-drop-cap{color:#818a91;border:3px solid;background-color:transparent}.elementor-widget-text-editor:not(.elementor-drop-cap-view-default) .elementor-drop-cap{margin-top:8px}.elementor-widget-text-editor:not(.elementor-drop-cap-view-default) .elementor-drop-cap-letter{width:1em;height:1em}.elementor-widget-text-editor .elementor-drop-cap{float:left;text-align:center;line-height:1;font-size:50px}.elementor-widget-text-editor .elementor-drop-cap-letter{display:inline-block}<\/style>\t\t\t\t<p>Za\u0161tita osobnih podataka na web stranici https:\/\/drvokastela.hr\/<\/p><p>\u00a0<\/p><p>Osobni podatak<\/p><p>Osobni podatak je svaka informacija koja se odnosi na identificiranu osobu, odnosno osobu koja se mo\u017ee izravno ili neizravno identificirati (npr. ime i prezime, adresa, broj telefona, adresa elektroni\u010dke po\u0161te i sl.).<\/p><p>\u00a0<\/p><p>Podaci koje prikupljamo<\/p><p>Pristup web stranici https:\/\/drvokastela.hr\/ je slobodan i ne tra\u017ei se registracija. Kontaktiranjem putem kontakt-obrazaca ili elektroni\u010dkom po\u0161tom ispunjavate svoje podatke (kontakt, ime i prezime, a u tekstu poruke navodite neke podatke o sebi). Ti su podaci dostupni isklju\u010divo zaposlenicima tvrtke Tvrtka DRVO KA\u0160TELA j.d.o.o., , vl. Marija Melvan (u daljnjem tekstu DRVO KA\u0160TELA j.d.o.o.,vl. Marija Melvan kojima su upu\u0107eni u svrhu rje\u0161avanja va\u0161eg upita.<\/p><p>\u00a0<\/p><p>Davanje va\u0161ih osobnih podataka je dobrovoljno. Ne obra\u0111ujemo vi\u0161e osobnih podataka no \u0161to je doista potrebno za odgovaranje na va\u0161 upit.<\/p><p>\u00a0<\/p><p>Za\u0161tita va\u0161ih osobnih podataka<\/p><p>\u00a0<\/p><p>Tvrtka DRVO KA\u0160TELA j.d.o.o., po\u0161tuje va\u0161u privatnost te obra\u0111uje va\u0161e osobne podatke po\u0161teno i zakonito.<\/p><p>Va\u0161e osobne podatke spremamo u elektroni\u010dkom obliku te u svrhu za\u0161tite primjenjujemo odgovaraju\u0107e tehni\u010dke, organizacijske i kadrovske mjere za\u0161tite osobnih podataka i procedure kako bismo sprije\u010dili da se osobnim podacima ne bi neovla\u0161teno pristupalo.<\/p><p>\u00a0<\/p><p>Poruke u elektroni\u010dkom obliku<\/p><p>Kad nam \u0161aljete elektroni\u010dku po\u0161tu (e-mail) s va\u0161im osobnim podacima po kojima vas je mogu\u0107e identificirati, bez obzira na to radi li se o elektroni\u010dkoj po\u0161ti s pitanjem ili to \u010dinite putem kontakt obrazaca koji se nalaze na web stranici https:\/\/drvokastela.hr\/, a koji nam dostavljate elektroni\u010dkom po\u0161tom, mi te podatke koristimo samo u svrhu ispunjenja va\u0161ih upita.<\/p><p>\u00a0<\/p><p>Brisanje i va\u0161 pristup osobnim podacima<\/p><p>\u00a0<\/p><p>Va\u0161e osobne podatke koje ste nam u\u010dinili dostupnima \u010duvat \u0107emo za vrijeme postojanja web stranice https:\/\/drvokastela.hr\/ Ovla\u0161teni ste u svako doba zatra\u017eiti obavijest o tome koje va\u0161e osobne podatke imamo u na\u0161oj bazi elektroni\u010dke po\u0161te, kao i zatra\u017eiti da sve ili neke osobne podatke izmijenimo ili izbri\u0161emo. To \u0107ete u\u010diniti tako da na\u0161em Upravnom odboru putem kontakt adrese <a href=\"mailto:drvokastela@gmail.com\">drvokastela@gmail.com<\/a> dostavite obavijest s va\u0161im zahtjevom. Ukoliko postavite jedan od takvih zahtjeva, ulo\u017eit \u0107emo razumne napore da potvrdimo va\u0161 identitet i sprije\u010dimo neautorizirani pristup osobnim podacima.<\/p><p>\u00a0<\/p><p>Dostavljanje osobnih podataka drugim primateljima<\/p><p>\u00a0<\/p><p>Va\u0161e osobne podatke ne dostavljamo drugim primateljima. Me\u0111utim, na web stranici https:\/\/drvokastela.hr\/ prona\u0107i \u0107ete linkove na druge web stranice. Pravila za\u0161tite privatnosti na tim portalima mogu biti druga\u010dija od Pravila za\u0161tite privatnosti na <a href=\"https:\/\/drvokastela.hr\/\">https:\/\/drvokastela.hr\/<\/a> Na na\u0161oj stranici mo\u017eemo vam ponuditi i kori\u0161tenje dru\u0161tvenih mre\u017ea tvrtke Tvrtka DRVO KA\u0160TELA j.d.o.o., (Facebook koje omogu\u0107avaju dijeljenje osobnih podataka. Stoga vas molimo da se upoznate s Pravilima za\u0161tite privatnosti koja se primjenjuju na drugim web stranicama i na dru\u0161tvenim mre\u017eama.<\/p><p>\u00a0<\/p><p>Ograni\u010denje odgovornosti<\/p><p>Iako poduzimamo dostupne tehni\u010dke, organizacijske i kadrovske mjere u cilju spre\u010davanja neovla\u0161tenog otkrivanja va\u0161ih osobnih podataka, ne mo\u017eemo jam\u010diti da neki od osobnih podataka koje prikupljamo ne\u0107e nikada biti slu\u010dajno otkriveni, suprotno odredbama ovih Pravila za\u0161tite privatnosti. Do najve\u0107e mjere dopu\u0161tene zakonom isklju\u010dujemo odgovornost za \u0161tetu nanesenu korisnicima ili tre\u0107im osobama slu\u010dajnim otkrivanjem osobnih podataka.<\/p><p>\u00a0<\/p><p>Statistika poslu\u017eitelja<\/p><p>Ova web stranica koristi Google Analytics mjerenje statistike posje\u0107enosti.<\/p><p>\u00a0<\/p><p>Cookies<\/p><p>Pridr\u017eavamo pravo koristiti kola\u010di\u0107e (engl. cookije) na web stranici https:\/\/drvokastela.hr\/ Kola\u010di\u0107i predstavljaju skup podataka koji slu\u017ee kao va\u0161 anonimni individualni identifikator, na na\u010din da ga pojedina stranica na web stranici https:\/\/drvokastela.hr\/ koju posje\u0107ujete \u0161alje va\u0161em pregledniku.<\/p><p>Kada pristupite pojedinoj stranici https:\/\/drvokastela.hr\/, \u0161aljemo vam kola\u010di\u0107e koji se pohranjuju na va\u0161em ra\u010dunalu i slu\u017ee za bilje\u017eenje informacija o va\u0161im prethodnim posjetama (npr. koliko puta ste pristupili stranicama https:\/\/drvokastela.hr\/). To zna\u010di da \u0107emo prilikom svakog sljede\u0107eg pristupa na https:\/\/drvokastela.hr\/ potra\u017eiti va\u0161 kola\u010di\u0107 kako bismo pro\u010ditali u njemu zapisane podatke. Kola\u010di\u0107 ne sadr\u017ei va\u0161e osobne podatke, nego omogu\u0107uje br\u017ee i u\u010dinkovitije aktiviranje informacija, podataka i postavki koje ste ve\u0107 prethodno priop\u0107ili prilikom pristupa i kori\u0161tenja https:\/\/drvokastela.hr\/ Na\u0161im kola\u010di\u0107ima na va\u0161em ra\u010dunalu ne mo\u017ee pristupiti neka internetska stranica koja nije dio web stranice https:\/\/drvokastela.hr\/<\/p><p>https:\/\/drvokastela.hr\/ prati statisti\u010dku posje\u0107enost svojih stranica isklju\u010divo radi dobivanja nu\u017enih informacija o \u010ditanosti svojih stranica i pri tom koristi uslugu tre\u0107e strane pod nazivom Google Analytics. Detaljne informacije tre\u0107e strane o ovoj usluzi, kao i o mogu\u0107nostima korisnika da reguliraju postavke kola\u010di\u0107a koji su za to nu\u017eni, dostupne su na:<\/p><p>http:\/\/www.google.com\/analytics\/learn\/privacy.html.<\/p><p>Isklju\u010divanjem kola\u010di\u0107a odlu\u010dujete da li ho\u0107ete dopustiti pohranjivanje kola\u010di\u0107a na va\u0161em ra\u010dunalu. Postavke kola\u010di\u0107a mogu se kontrolirati i konfigurirati u postavkama va\u0161eg internetskog preglednika.<\/p><p>\u00a0<\/p><p>Slu\u017ebenik za za\u0161titu osobnih podataka<\/p><p>Tvrtka DRVO KA\u0160TELA j.d.o.o., vl. Marija Melvan<\/p><p>Adresa: Bragadinova 9, Ka\u0161tel Stari<\/p><p>E- mail: drvokastela@gmail.com<\/p>\t\t\t\t\t\t<\/div>\n\t\t\t\t<\/div>\n\t\t\t\t\t<\/div>\n\t\t<\/div>\n\t\t\t\t\t\t\t<\/div>\n\t\t<\/section>\n\t\t\t\t\t\t<\/div>\n\t\t\t\t\t<\/div>\n\t\t","protected":false},"excerpt":{"rendered":"<p>Za\u0161tita osobnih podataka na web stranici https:\/\/drvokastela.hr\/ \u00a0 Osobni podatak Osobni podatak je svaka informacija koja se odnosi na identificiranu osobu, odnosno osobu koja se mo\u017ee izravno ili neizravno identificirati (npr. ime i prezime, adresa, broj telefona, adresa elektroni\u010dke po\u0161te i sl.). \u00a0 Podaci koje prikupljamo Pristup web stranici https:\/\/drvokastela.hr\/ je slobodan i ne tra\u017ei [&hellip;]<\/p>\n","protected":false},"author":2,"featured_media":0,"parent":0,"menu_order":0,"comment_status":"closed","ping_status":"closed","template":"","meta":{"footnotes":""},"class_list":["post-476","page","type-page","status-publish","hentry"],"yoast_head":"<!-- This site is optimized with the Yoast SEO plugin v18.2 - https:\/\/yoast.com\/wordpress\/plugins\/seo\/ -->\n<title>Politika privatnosti - Drvo Ka\u0161tela j.d.o.o.<\/title>\n<meta name=\"description\" content=\"Tvrtka DRVO KA\u0160TELA j.d.o.o.je poduze\u0107e s djelatnostima kupovina, prodaja, monta\u017ea , obrada drveta, namje\u0161taja poslovne i prodajne prostore.\" \/>\n<meta name=\"robots\" content=\"index, follow, max-snippet:-1, max-image-preview:large, max-video-preview:-1\" \/>\n<link rel=\"canonical\" href=\"https:\/\/drvokastela.hr\/?page_id=476\" \/>\n<meta property=\"og:locale\" content=\"en_US\" \/>\n<meta property=\"og:type\" content=\"article\" \/>\n<meta property=\"og:title\" content=\"Politika privatnosti - Drvo Ka\u0161tela j.d.o.o.\" \/>\n<meta property=\"og:description\" content=\"Tvrtka DRVO KA\u0160TELA j.d.o.o.je poduze\u0107e s djelatnostima kupovina, prodaja, monta\u017ea , obrada drveta, namje\u0161taja poslovne i prodajne prostore.\" \/>\n<meta property=\"og:url\" content=\"https:\/\/drvokastela.hr\/?page_id=476\" \/>\n<meta property=\"og:site_name\" content=\"Drvo Ka\u0161tela j.d.o.o.\" \/>\n<meta property=\"article:modified_time\" content=\"2022-02-24T20:41:28+00:00\" \/>\n<meta name=\"twitter:card\" content=\"summary_large_image\" \/>\n<meta name=\"twitter:label1\" content=\"Est. reading time\" \/>\n\t<meta name=\"twitter:data1\" content=\"5 minutes\" \/>\n<script type=\"application\/ld+json\" class=\"yoast-schema-graph\">{\"@context\":\"https:\/\/schema.org\",\"@graph\":[{\"@type\":\"WebSite\",\"@id\":\"https:\/\/drvokastela.hr\/#website\",\"url\":\"https:\/\/drvokastela.hr\/\",\"name\":\"Drvo Ka\u0161tela j.d.o.o.\",\"description\":\"drvene terase i zidne obloge\",\"potentialAction\":[{\"@type\":\"SearchAction\",\"target\":{\"@type\":\"EntryPoint\",\"urlTemplate\":\"https:\/\/drvokastela.hr\/?s={search_term_string}\"},\"query-input\":\"required name=search_term_string\"}],\"inLanguage\":\"en-US\"},{\"@type\":\"WebPage\",\"@id\":\"https:\/\/drvokastela.hr\/?page_id=476#webpage\",\"url\":\"https:\/\/drvokastela.hr\/?page_id=476\",\"name\":\"Politika privatnosti - Drvo Ka\u0161tela j.d.o.o.\",\"isPartOf\":{\"@id\":\"https:\/\/drvokastela.hr\/#website\"},\"datePublished\":\"2022-02-22T14:34:11+00:00\",\"dateModified\":\"2022-02-24T20:41:28+00:00\",\"description\":\"Tvrtka DRVO KA\u0160TELA j.d.o.o.je poduze\u0107e s djelatnostima kupovina, prodaja, monta\u017ea , obrada drveta, namje\u0161taja poslovne i prodajne prostore.\",\"breadcrumb\":{\"@id\":\"https:\/\/drvokastela.hr\/?page_id=476#breadcrumb\"},\"inLanguage\":\"en-US\",\"potentialAction\":[{\"@type\":\"ReadAction\",\"target\":[\"https:\/\/drvokastela.hr\/?page_id=476\"]}]},{\"@type\":\"BreadcrumbList\",\"@id\":\"https:\/\/drvokastela.hr\/?page_id=476#breadcrumb\",\"itemListElement\":[{\"@type\":\"ListItem\",\"position\":1,\"name\":\"Home\",\"item\":\"https:\/\/drvokastela.hr\/\"},{\"@type\":\"ListItem\",\"position\":2,\"name\":\"Politika privatnosti\"}]}]}<\/script>\n<!-- \/ Yoast SEO plugin. -->","yoast_head_json":{"title":"Politika privatnosti - Drvo Ka\u0161tela j.d.o.o.","description":"Tvrtka DRVO KA\u0160TELA j.d.o.o.je poduze\u0107e s djelatnostima kupovina, prodaja, monta\u017ea , obrada drveta, namje\u0161taja poslovne i prodajne prostore.","robots":{"index":"index","follow":"follow","max-snippet":"max-snippet:-1","max-image-preview":"max-image-preview:large","max-video-preview":"max-video-preview:-1"},"canonical":"https:\/\/drvokastela.hr\/?page_id=476","og_locale":"en_US","og_type":"article","og_title":"Politika privatnosti - Drvo Ka\u0161tela j.d.o.o.","og_description":"Tvrtka DRVO KA\u0160TELA j.d.o.o.je poduze\u0107e s djelatnostima kupovina, prodaja, monta\u017ea , obrada drveta, namje\u0161taja poslovne i prodajne prostore.","og_url":"https:\/\/drvokastela.hr\/?page_id=476","og_site_name":"Drvo Ka\u0161tela j.d.o.o.","article_modified_time":"2022-02-24T20:41:28+00:00","twitter_card":"summary_large_image","twitter_misc":{"Est. reading time":"5 minutes"},"schema":{"@context":"https:\/\/schema.org","@graph":[{"@type":"WebSite","@id":"https:\/\/drvokastela.hr\/#website","url":"https:\/\/drvokastela.hr\/","name":"Drvo Ka\u0161tela j.d.o.o.","description":"drvene terase i zidne obloge","potentialAction":[{"@type":"SearchAction","target":{"@type":"EntryPoint","urlTemplate":"https:\/\/drvokastela.hr\/?s={search_term_string}"},"query-input":"required name=search_term_string"}],"inLanguage":"en-US"},{"@type":"WebPage","@id":"https:\/\/drvokastela.hr\/?page_id=476#webpage","url":"https:\/\/drvokastela.hr\/?page_id=476","name":"Politika privatnosti - Drvo Ka\u0161tela j.d.o.o.","isPartOf":{"@id":"https:\/\/drvokastela.hr\/#website"},"datePublished":"2022-02-22T14:34:11+00:00","dateModified":"2022-02-24T20:41:28+00:00","description":"Tvrtka DRVO KA\u0160TELA j.d.o.o.je poduze\u0107e s djelatnostima kupovina, prodaja, monta\u017ea , obrada drveta, namje\u0161taja poslovne i prodajne prostore.","breadcrumb":{"@id":"https:\/\/drvokastela.hr\/?page_id=476#breadcrumb"},"inLanguage":"en-US","potentialAction":[{"@type":"ReadAction","target":["https:\/\/drvokastela.hr\/?page_id=476"]}]},{"@type":"BreadcrumbList","@id":"https:\/\/drvokastela.hr\/?page_id=476#breadcrumb","itemListElement":[{"@type":"ListItem","position":1,"name":"Home","item":"https:\/\/drvokastela.hr\/"},{"@type":"ListItem","position":2,"name":"Politika privatnosti"}]}]}},"_links":{"self":[{"href":"https:\/\/drvokastela.hr\/index.php?rest_route=\/wp\/v2\/pages\/476","targetHints":{"allow":["GET"]}}],"collection":[{"href":"https:\/\/drvokastela.hr\/index.php?rest_route=\/wp\/v2\/pages"}],"about":[{"href":"https:\/\/drvokastela.hr\/index.php?rest_route=\/wp\/v2\/types\/page"}],"author":[{"embeddable":true,"href":"https:\/\/drvokastela.hr\/index.php?rest_route=\/wp\/v2\/users\/2"}],"replies":[{"embeddable":true,"href":"https:\/\/drvokastela.hr\/index.php?rest_route=%2Fwp%2Fv2%2Fcomments&post=476"}],"version-history":[{"count":10,"href":"https:\/\/drvokastela.hr\/index.php?rest_route=\/wp\/v2\/pages\/476\/revisions"}],"predecessor-version":[{"id":569,"href":"https:\/\/drvokastela.hr\/index.php?rest_route=\/wp\/v2\/pages\/476\/revisions\/569"}],"wp:attachment":[{"href":"https:\/\/drvokastela.hr\/index.php?rest_route=%2Fwp%2Fv2%2Fmedia&parent=476"}],"curies":[{"name":"wp","href":"https:\/\/api.w.org\/{rel}","templated":true}]}}